rue
Suppose 10*z + 13752 = 18*z. Suppose 11*w - 20*w = -z. Suppose w = i + 104. Is i prime?
False
Let v be (1 + -2)*(3 - 10 - -2). Suppose -2*h + 1295 = v*h. Is h a composite number?
True
Let n(h) = 376*h + 105. Let x be n(6). Suppose 0 = u + 1 - 4, u = 5*f - 92. Suppose 22*i = f*i + x. Is i composite?
False
Let f = 80 + -78. Suppose -8*h = -f*h - 5502. Is h composite?
True
Suppose 0 = -3*m + x + 18, 3*m - 27 = -6*x + 4*x. Suppose m*l + 15434 = 9*l. Is l prime?
True
Let k(u) = -38*u - 1. Let y be k(1). Is 64521/6*(y/9 + 5) a composite number?
True
Let h(d) = -36*d + 23. Suppose 0 = 5*q + 3*z + 3 + 19, 2*q - 4*z = -14. Let v be h(q). Suppose 5*r - 979 = -4*g, -5*g - v - 16 = -r. Is r a prime number?
True
Let n be -7 + 3 - 2116*(-34)/2. Suppose n = 3*o + 7039. Is o a composite number?
False
Let k(j) = -j**2 + 8*j + 46. Let f be k(12). Is f*(-6)/24*9698 prime?
False
Suppose 4*x - 8*x = h - 13735, -x - 5*h = -3448. Is x a composite number?
False
Let p = -274 - 4196. Let x = p - -9239. Is x prime?
False
Let t(a) = 19*a**2 - 5*a + 1. Let r = 66 - 51. Is t(r) a composite number?
False
Suppose -n + i + 159354 = 0, 2*n + 8*i = 4*i + 318666. Is n a prime number?
True
Let o = 207641 + 103388. Is o composite?
True
Suppose 19 = 4*t - 165. Let c = 48 - t. Is 7060/45 + c/18 prime?
True
Let r(b) = -674*b**2 - b + 2. Let n be r(1). Let a = n - -1097. Let t = a - 119. Is t a prime number?
False
Suppose -6*x + 287358 = -5*k, 23*x + 3*k - 143679 = 20*x. Is x prime?
False
Let d be (-11)/4 - 10/40. Let g(m) = -69*m**2 - m - 4. Let f be g(d). Is ((-1)/(-2))/((-1)/f) composite?
False
Suppose 9*n = 6*n + 12. Suppose -4 = 2*t, n*t + 14229 = 3*x + t. Is x composite?
True
Let m(f) be the third derivative of 31*f**5/60 - f**4/24 - 9*f**3/2 - 5*f**2 - 2*f. Is m(5) a composite number?
False
Suppose 4*v = 3*t - 68019, -v + 22666 = -4*t + 5*t. Is t composite?
False
Suppose 3*h - 4*i = 563299, -6*i + 938909 = 5*h - 3*i. Is h a prime number?
False
Let w(x) = x**2 - 10*x - 19. Let p be w(12). Suppose p*c + 0*r - 91465 = -5*r, 4*r - 91469 = -5*c. Let m = -12518 + c. Is m prime?
True
Suppose -p = -t - t - 2440, 0 = -4*p + 5*t + 9754. Let q = 3435 - p. Let j = q - 100. Is j a prime number?
False
Suppose -341*o + 103*o + 48978258 = 0. Is o a composite number?
True
Let x(d) = -30*d - 37. Let s(u) = -31*u - 38. Let k(j) = 4*s(j) - 5*x(j). Let g be k(17). Suppose 4*c - 1988 = -4*a - 40, 0 = a - 5*c - g. Is a composite?
True
Let k(q) = -5*q**2 - 14*q + 22. Let b(h) = -3*h**2 - 7*h + 11. Let v(c) = -7*b(c) + 4*k(c). Let x be v(6). Suppose 2186 = x*t - 249. Is t a composite number?
False
Let k(x) = 5900*x + 2235. Is k(29) a composite number?
True
Suppose -9*h + 4 = -5*h, 0 = 4*n - 5*h - 47. Suppose 8*u + n*u = 64281. Is u composite?
False
Let y be (60/9 - 6) + 80/(-12). Is 59874/9*(5 + 21/y) composite?
True
Suppose 13*x = 8*x + j - 86176, -2*x - 5*j = 34465. Let q = x - -34546. Is q prime?
False
Let n be 3/(-18)*-3 + (-77473)/22. Let l = n - -20718. Is l a prime number?
False
Suppose -w - 19 = -5*v, 0 = -3*w + 5*w + v - 17. Is (-3860)/(-30)*((-189)/w)/(-3) a prime number?
False
Let k(d) = 19*d**2 + 76*d - 3074. Is k(29) a composite number?
True
Let g = -462694 - -1095715. Is g prime?
False
Suppose -277887 = -5*r - 2*t, 0 = -52*r + 55*r - t - 166741. Is r prime?
True
Let z(s) = -2*s**2 - 45*s + 23. Let w be z(-23). Let t(g) = 2*g**2 - 2*g + 16759. Is t(w) a prime number?
True
Let m be (5/(-15))/((-2)/24). Suppose -m*c + 366 - 3 = 5*k, -3*c = -5*k - 316. Is c a prime number?
True
Let k(l) = -5*l**2 + 4*l - 8. Let t(o) = -o**2. Let c(q) = -k(q) + 6*t(q). Let z be c(-5). Let a(w) = 279*w - 19. Is a(z) a composite number?
True
Suppose 31*h + 11*h = 1042356. Is h a prime number?
False
Let c be (14 + -4)*(-4)/(-8). Let f(j) = -16*j - 24. Let r be f(c). Let k = r + 1171. Is k composite?
True
Let h(a) = a**2 - 8*a + 2. Let p be 47/6 - 5/(-30). Let l be h(p). Suppose -m + 3*m + 5*k = 1134, m - 565 = -l*k. Is m a composite number?
False
Suppose -3*g - 3*o + 365 = g, 0 = -4*g + 3*o + 347. Let d(q) = 2*q**2 + 10*q + 10. Let u be d(-8). Let s = g - u. Is s composite?
False
Suppose 4*v = 20, 6*h - 3*h + 2*v = 25. Suppose -h*u + 4*z + 32028 + 2495 = 0, -5*z + 15 = 0. Is u a prime number?
True
Is -6 + 3*(-236264)/(-24) prime?
True
Let c(f) = 15*f**2 + 22*f + 173. Let d(j) = j**2. Let x(i) = c(i) - 4*d(i). Is x(22) a composite number?
False
Suppose -45315*p + 44443924 = -45287*p. Is p a composite number?
False
Is (-8)/60*172022115/(-94) composite?
False
Let z(u) = 2*u + 3. Let v be z(-4). Let s = v - -10. Suppose 3*d = 7*d - 8, s*w - 1079 = 3*d. Is w prime?
False
Is (-8)/((-256)/182064)*(-4)/(-6) prime?
True
Let u = 256805 + -158911. Is u a composite number?
True
Let j = 218471 + -122238. Is j a composite number?
False
Suppose 5*c - 24*z + 22*z - 898569 = 0, 19*c + 3*z = 3414541. Is c a composite number?
True
Is ((-174)/(-18) + 6)/((-6536)/6537 - -1) a prime number?
False
Suppose 5*d - 2093570 = 2*h + 2962657, -4*d + 4044942 = 5*h. Is d composite?
True
Suppose 24*h = 23*h - 40. Let v = h - -42. Let f(o) = 13*o**2 + 3*o - 1. Is f(v) composite?
True
Suppose 30 = 5*w + 2*c, -3*w - c + 18 = -2*c. Let q be (-4)/w*((-1 - -1) + -3951). Suppose 3*i + 3*i = q. Is i a prime number?
True
Suppose -12*t + 15*t + 384001 = 2*c, 5*c + 5*t - 959990 = 0. Is c a prime number?
True
Let a = 384 + -382. Suppose 0 = -k - 2*v + 1967, -2*k + a*v + 1724 = -2228. Is k composite?
False
Suppose 144*a = 151*a - 21. Suppose 3*i = 13*y - 12*y - 5456, -a*y = 5*i - 16438. Is y a composite number?
False
Let m(n) = 25*n**3 - 34*n**2 - 39*n - 221. Is m(24) a prime number?
False
Let x = -37 + 40. Let v(z) = z**2 + z - 10. Let o be v(x). Suppose -o*r + 244 = -2*i, i = 5*r - i - 625. Is r prime?
True
Is -283*(6 + -370 + -7) - 6 a prime number?
True
Let u(k) = -7 + 16 + k**2 + 72*k + 31*k**3 + 0 - 81*k. Is u(4) a prime number?
True
Let v(a) = 138*a**2 + 61*a + 119. Is v(-30) a prime number?
True
Is ((-2634970)/195)/(2 + (-16)/6) a prime number?
True
Suppose -4*j + z + 22 = 0, 0 = -j + 3*j - 2*z - 8. Suppose 0 = j*x + 112 - 106. Is (11438/(-28) - (-1)/(-2))*x a composite number?
False
Suppose 3*m = -4*d + 20, 4*d - 5*m + 0*m = -12. Let a be (7 - (d + -4)) + -1. Is 23*(a/(-32))/((-2)/8) a composite number?
False
Is (-41)/328*35449224/(-3 - 0) prime?
True
Let f be (-33 - -31)*19/2. Let k(d) = -4*d - 18. Is k(f) composite?
True
Suppose 17*y = 6*y - 326359. Let f = y - -43776. Is f composite?
False
Suppose 0 = 2*r + 5*t + 21, 0*t - 3*t - 11 = 2*r. Suppose -4*m - r*i = -1206, -i - 1525 = -3*m - 2*m. Let o = m - 67. Is o prime?
False
Suppose -891*q + 889*q = 6122. Let g = 12750 + q. Is g a composite number?
False
Let j = -3580 - -5483. Suppose 0*u = -u + j. Is u a composite number?
True
Suppose 9855570 - 3195940 = 410*g. Is g a composite number?
True
Let x = 129735 - -3836. Is x prime?
True
Let j = -59068 + 107367. Is j a composite number?
False
Let y(f) = 868*f**2 - 16*f - 649. Is y(-14) a composite number?
True
Let u be (60/(-18))/((-2)/3426). Suppose -u = -12*z + 7022. Is z a prime number?
True
Let f(h) = -533*h - 28. Let c(i) = 532*i + 27. Let m(s) = -5*c(s) - 4*f(s). Let r(b) = 10*b - 143. Let n be r(14). Is m(n) a composite number?
True
Let v be (168/(-20))/1 + 4/10. Let p(t) = -20*t - 8. Let f be p(v). Let j = 591 - f. Is j a prime number?
True
Suppose x + 0*s + 2*s = 86, -2*x + 151 = -3*s. Suppose 4*g - x*o - 64044 = -76*o, g = 5*o + 16003. Is g composite?
True
Suppose 281053 = 3*c + 350*w - 348*w, 4*w = -3*c + 281057. Is c a prime number?
True
Let c be ((-2)/(-8)*(6 - 6))/1. Suppose -120 = -2*o - 0*o. Suppose o*g - 58*g - 42 = c. Is g prime?
False
Let o(s) = s**2 + 15*s + 69. Let z be o(-10). Suppose 151796 + 44151 = z*q. Is q a prime number?
True
Suppose 2*m - 20*r + 15*r = 23913, 59840 = 5*m - r. Is m composite?
False
Let v(m) be the second derivative of 280*m**3/3 + 37*m**2/2 - 91*m - 2. Is v(12) prime?
False
Suppose -36049 = -7*u - 88241. Let d = 10529 + u. Is d composite?
True
Suppose d - 3*k + 4 = -k, -4*d + 36 = 5*k. Suppose 49*v = 53*v + 4. Is 1*(d + -2)/v - -381 a prime number?
True
Let h = 79272 + 82895. Is h prime?
False
Let j = 275069 + -47110. Is j a prime number?
False
Let z(v) = 10*v + 112*v - 6 - 4 + 61*v. Let b(o) = -916*o